= 0. What are the prime factors of g?
2, 61
Let r = 1577 - 788. Let j = r - -559. What are the prime factors of j?
2, 337
Let c(t) be the first derivative of t**4/2 + 8*t**3 - 15*t**2/2 - t - 208. What are the prime factors of c(-12)?
179
Suppose 3*p + 5*o - 11 = 4*p, -p = 2*o - 10. Suppose 2*y - p*g - 3424 = 0, -129 = g - 133. What are the prime factors of y?
2, 5, 43
Let j(c) = -c**2 + 3*c + 3. Let s be j(4). Let k be s*(21/(-3) - -4). Suppose -4*r = -w + 74, k*w = 2*r + 166 + 36. List the prime factors of w.
2, 3, 11
Suppose -5*s + g + 3420 = -2*g, 4*g + 3420 = 5*s. Let f = s + -424. What are the prime factors of f?
2, 5, 13
List the prime factors of (((-14)/(-10))/((-18)/30))/((-4)/106116).
7, 37, 239
Suppose -1 + 5 = 2*f. Let p be f/6 + (-60)/(-9). Suppose 4*z - p = 61. List the prime factors of z.
17
Suppose -5*d + 4*w = -0*w - 2432, 5*d - 2446 = -3*w. Let u = 860 - d. List the prime factors of u.
2, 3, 31
Let b = -265 - -264. What are the prime factors of b + (-1353)/(-3) - 1?
449
Let m = 28 + 51882. What are the prime factors of m?
2, 5, 29, 179
Let x(r) = -19*r + 21. Let o(n) = 55*n - 64. Let i(v) = -6*o(v) - 17*x(v). What are the prime factors of i(-17)?
2, 73
What are the prime factors of 890673/105 - (1 + 10/(-25))?
2, 4241
Let w = -16517 - -24986. What are the prime factors of w?
3, 941
Suppose 7213016 = 557*q - 355*q. List the prime factors of q.
2, 79, 113
Let w be 5 + (-7 - (2 - 3)) + 3. Suppose w*o = r + 19, 20 = -3*r - r. Suppose 0 = o*v - 3*v - 144. What are the prime factors of v?
2, 3
What are the prime factors of ((360/(-18))/(-40))/(1/334)?
167
Suppose 0 = 145*m - 124*m - 12054. List the prime factors of m.
2, 7, 41
Suppose 0*b = b - 3, -4*s + 18 = 2*b. Let i be s/((-40)/(-25) - 1). Let f(k) = 9*k - 1. List the prime factors of f(i).
2, 11
Suppose 0*u - u = -10. Let x be (-1 - u/(-8))/((-3)/(-84)). Suppose -x*s - 101 = -3*t - 2*s, 5*t + s - 187 = 0. What are the prime factors of t?
37
Suppose -2*h = -4*q + 2868 + 4850, 2*h = -3*q + 5806. Suppose 8*s - q = 1476. List the prime factors of s.
2, 3, 71
Let n = 27271 + -20184. List the prime factors of n.
19, 373
Let c(u) = 7*u**2 - 18*u + 8. Suppose 0 = -2*f - 1 - 17. List the prime factors of c(f).
11, 67
Let c be ((-17)/(-5) + -3)/(1/(-15)). Let b(m) = -472*m + 24. Let t be b(c). Suppose 5*n - t = -9*n. List the prime factors of n.
2, 3, 17
Let o = 36521 + 40926. What are the prime factors of o?
77447
What are the prime factors of 212/318 - ((-2020256)/6)/7?
2, 3, 8017
Suppose 2*b - 21 = b + 5*m, 0 = b - m - 5. List the prime factors of (b/(-2))/((-3)/1464 + 0).
2, 61
List the prime factors of (-3 + 0)*1*(-10 + -471 + 11).
2, 3, 5, 47
What are the prime factors of ((-3)/(-2))/(6/(-400))*91113/(-484)?
3, 5, 251
Let h = 4249 - 2492. List the prime factors of h.
7, 251
Suppose -34609 = -6*r - 6463. Suppose -r = -12*a - 695. What are the prime factors of a?
3, 37
Suppose -29*a + 33*a = 2136. Let g = a + -245. What are the prime factors of g?
17
Let n(l) = 2*l**3 - 58*l**2 + 3*l - 1052. List the prime factors of n(47).
127, 619
Suppose -27*v + 25*v = -10, -4*a + 2928 = 4*v. What are the prime factors of a?
727
Let d(t) = t**2 - 6. Let h be d(3). Suppose h = 19*g - 18*g. Suppose 0 = -g*u + 3*y + 246, -246 - 2 = -3*u + 2*y. What are the prime factors of u?
2, 3, 7
Let a = -26288 + 45011. What are the prime factors of a?
3, 79
Let p(d) be the second derivative of -7*d**5/15 - d**4/24 - d**3/2 - 11*d. Let q(w) be the second derivative of p(w). What are the prime factors of q(-1)?
5, 11
Suppose -5*q = 6*k - 67693, -3*k + 4*q + 14911 = -18942. List the prime factors of k.
3, 3761
List the prime factors of 49/98 + 14442/4.
23, 157
Let i(p) = 946*p + 206. What are the prime factors of i(8)?
2, 13, 23
Let r be (-1 - (-1 + -1)) + -1. Suppose 39*l - 2*x + 9 = 42*l, 9 = -3*x. Suppose r = -5*v - l*k + 100, 80 = 4*v + k - 2*k. What are the prime factors of v?
2, 5
Let i(v) = 2*v**2 + 4*v - 7. Let f = 169 + -111. Suppose f - 18 = -8*o. What are the prime factors of i(o)?
23
Let t(x) = 11*x**2 - 28*x + 32. Let v be t(8). Let u = -349 + v. List the prime factors of u.
163
Let x = 215 - 193. Suppose l = 5*o + 3*l + 52, 2*l - 48 = 5*o. Let z = o + x. List the prime factors of z.
2, 3
Let f = -97 - -100. Suppose 4*l - 3227 = -f*b - 1040, -b + 1639 = 3*l. What are the prime factors of l?
2, 3, 7, 13
Let b(w) = 0*w + 2 + w**2 + 16 - 9*w. Let g be b(6). Suppose 5*f = 3*z - 104, -3*z + g*f = 2*f - 139. What are the prime factors of z?
43
Suppose -44042 - 37117 - 5386 = -19*t. List the prime factors of t.
5, 911
Suppose 16*n + 1985 = 11*n. Let b = n + 710. List the prime factors of b/8 + 7/(-56).
3, 13
Suppose 84 = 12*w + 16*w. What are the prime factors of (-1 + w - 8) + (493 - -2)?
3, 163
Let u(h) = -h + 14. Let z be u(11). Suppose 5*k - z*k = 60. Let w = 29 + k. List the prime factors of w.
59
Suppose 0 = 2*x + o - 13050, -10*x - 3*o - 26110 = -14*x. List the prime factors of x.
2, 13, 251
Suppose -d = 0, 4*u - 3*d - 77 - 1191 = 0. Let i = u - -146. What are the prime factors of i?
463
Let p(d) = -d**3 - 4*d**2 + 8*d + 3. Let c(v) = -2*v**2 - v. Suppose -2*z - 2*q + 4 = 0, 0 = 2*z - 4*q + 5*q. Let k be c(z). List the prime factors of p(k).
3
Suppose 0 = -89*i + 150*i - 449204. List the prime factors of i.
2, 7, 263
Let n(i) = -2*i**3 + 31*i**2 + 28*i + 29. Let a be n(16). Suppose 0*z - 4*q + a = z, -z = -q - 221. List the prime factors of z.
13, 17
Let x = -1871 + 7414. List the prime factors of x.
23, 241
Suppose 3 = -4*q - 3*p, -3*p - 6 = -3*q + 18. Let l(k) = 47*k**3 - 4*k**2 - 1. What are the prime factors of l(q)?
2, 7, 11
Let n(q) be the third derivative of 55*q**4/24 - 10*q**3 - 60*q**2. List the prime factors of n(5).
5, 43
Suppose -17*v + 30960 = 11*v + 8*v. List the prime factors of v.
2, 5, 43
Suppose 0 = 4*n - 2*v - 118 - 70, 2*n = -4*v + 94. Let h = 134 + n. List the prime factors of h.
181
Let o be (-12)/(-6) + 1 + (-2)/1. Let u(z) = 245*z**3 + 2*z**2 - 4*z + 2. Let g be u(o). Let k = 371 - g. List the prime factors of k.
2, 3, 7
Let r be (-75)/(-4) - (-3)/(-4). Suppose r*q + 2184 = 20*q. What are the prime factors of q/96 - (-6)/(-16)?
11
List the prime factors of (270/(-315))/(-5 + 251049/50211).
3, 797
Let w(q) = -q**2 - 16*q - 25. Let p be w(-14). Suppose -p = -7*o + 6*o. What are the prime factors of -111*4/(-6) + 1*o?
7, 11
Let w be (-4)/12 + 0 + 301/21. Let r(n) = 35*n - 2. What are the prime factors of r(w)?
2, 61
Let n be 435/4 + (-2)/(-8). Let b = n - 109. What are the prime factors of (-7)/21*(-738 + b + 3)?
5, 7
Suppose 28*j - 10408320 = -332*j. List the prime factors of j.
2, 13, 139
List the prime factors of -2*(-13 + (4 - 1989)).
2, 3, 37
Let u = -4137 + 8710. List the prime factors of u.
17, 269
Suppose 34*n + 11972 = -37940. Let x = n + 2538. List the prime factors of x.
2, 5, 107
Let h(g) = g**2 - 22*g + 31. Let l be h(21). List the prime factors of 4 + ((-6)/l)/(14/(-4970)).
7, 31
Let o(v) = -1876*v - 10637. What are the prime factors of o(-40)?
64403
Suppose -25*i + 24*i = -2289. Let u = i - 1554. List the prime factors of u.
3, 5, 7
Let x(j) = 1033*j**3 - 15*j**2 + 87*j - 39. What are the prime factors of x(4)?
17, 229
What are the prime factors of 3 - (32/(-24) - 3/(54/756048))?
7, 17, 353
Let y = -1084 + 2100. Let h = -260 + y. What are the prime factors of h?
2, 3, 7
Suppose g + 4*r - 6 = 16, r = -g + 7. Suppose g*j = -3*z - 612, 0 = 5*z - 3*z + 8. Let t = j + 506. List the prime factors of t.
2, 103
Let z = -51246 + 89154. List the prime factors of z.
2, 3, 13
Let x = -77 + 87. Let f(c) = -2*c**2 - 7*c - 3. Let m be f(x). Let k = -190 - m. List the prime factors of k.
83
Let h(j) = -j**2 - 9*j + 14. Suppose 10*z + 9 = 9*z. List the prime factors of h(z).
2, 7
Let o = -757 - -504. What are the prime factors of (o + -18)/((-1)/5)?
5, 271
Suppose 0 = -w - 7, -4*s + 32*w = 34*w - 5934. What are the prime factors of s?
1487
Let x be 111 + 3 + 2/1. Let t = -3 + x. What are the prime factors of t?
113
Let z = 42217 + -24806. What are the prime factors of z?
23, 757
Suppose -6*u = -4*u - 14, -3*p = -5*u - 168538. List the prime factors of p.
83, 677
Let m(r) = 2*r + 6. Let u be m(-2). Suppose -3*p + 2*p = -u*d + 733, 4*d = -p + 1475. List the prime factors of d.
2